{"id":177,"date":"2024-01-06T12:27:25","date_gmt":"2024-01-06T11:27:25","guid":{"rendered":"http:\/\/meteo-pro.fr\/?page_id=177"},"modified":"2024-01-26T08:22:37","modified_gmt":"2024-01-26T07:22:37","slug":"durees-periodes-de-mistral","status":"publish","type":"page","link":"https:\/\/meteo-pro.fr\/index.php\/phenomenes-naturels\/durees-periodes-de-mistral\/","title":{"rendered":"Les p\u00e9riodes de mistral ont-elles une dur\u00e9e pr\u00e9visible ?"},"content":{"rendered":"\n<p>Certains dictons pr\u00e9tendent que les p\u00e9riodes de Mistral durent trois, six, ou neuf jours. Les statistiques sont pourtant formelles. Il peut aussi bien souffler pendant un nombre de jours non divisible par trois, parfois un seul, mais il est vrai, tr\u00e8s exceptionnellement plus de neuf.<br>Le Mistral peut souffler en toute saison, mais on le craint davantage en hiver et au printemps \u00e0 cause de la sensation de froid glacial que procurent ses rafales. Il pr\u00e9sente souvent un maximum de violence en cours ou en fin d&rsquo;apr\u00e8s-midi.<br>De plein nord dans la vall\u00e9e du Rh\u00f4ne, de Valence jusqu&rsquo;\u00e0 la Camargue, sa direction \u00e9volue vers le nord-ouest en r\u00e9gion marseillaise, et il devient un vent d&rsquo;ouest sur la c\u00f4te varoise et au large de la Corse occidentale. Le Mistral est li\u00e9 \u00e0 la pr\u00e9sence d&rsquo;une d\u00e9pression plus ou moins marqu\u00e9e sur le golfe de G\u00eanes ou aux alentours, et la position de cette d\u00e9pression d\u00e9termine la zone d&rsquo;influence du Mistral, qui est plus ou moins \u00e9tendue, parfois limit\u00e9e \u00e0 la seule vall\u00e9e du Rh\u00f4ne.<\/p>\n\n\n\n<p id=\"Mistral\">Lorsque la d\u00e9pression se situe au nord du golfe de G\u00eanes, en direction de la plaine du P\u00f4, le Mistral peut se prolonger jusqu&rsquo;\u00e0 la c\u00f4te d&rsquo;Azur, o\u00f9 il devient alors, un vent de sud-ouest. Mais \u00e0 partir de Saint-Rapha\u00ebl, il ne poss\u00e8de plus les m\u00eames caract\u00e9ristiques, et parler de Mistral en r\u00e9gion ni\u00e7oise est un abus de langage. Quant aux vents forts de sud-est, venant de la mer, et provoquant parfois des d\u00e9g\u00e2ts dans les ports, ils n&rsquo;ont bien entendu aucun rapport avec le Mistral.<\/p>\n\n\n\n<figure class=\"wp-block-image size-large\"><img  title=\"\" loading=\"lazy\" decoding=\"async\" width=\"1024\" height=\"425\" src=\"http:\/\/meteo-pro.fr\/wp-content\/uploads\/2024\/01\/2024-01-06_12h30_02-1024x425.jpg\"  alt=\"2024-01-06_12h30_02-1024x425 Les p\u00e9riodes de mistral ont-elles une dur\u00e9e pr\u00e9visible ?\"  class=\"wp-image-179\" srcset=\"https:\/\/meteo-pro.fr\/wp-content\/uploads\/2024\/01\/2024-01-06_12h30_02-1024x425.jpg 1024w, https:\/\/meteo-pro.fr\/wp-content\/uploads\/2024\/01\/2024-01-06_12h30_02-300x124.jpg 300w, https:\/\/meteo-pro.fr\/wp-content\/uploads\/2024\/01\/2024-01-06_12h30_02-768x319.jpg 768w, https:\/\/meteo-pro.fr\/wp-content\/uploads\/2024\/01\/2024-01-06_12h30_02.jpg 1174w\" sizes=\"auto, (max-width: 1024px) 100vw, 1024px\" \/><\/figure>\n\n\n\n<p><br>Celui-ci s&rsquo;\u00e9tablit presque toujours apr\u00e8s le passage d&rsquo;un front froid, en liaison avec l&rsquo;invasion d&rsquo;air froid associ\u00e9e \u00e0 la tra\u00eene. Le ciel changeant accompagn\u00e9 d&rsquo;averses qui s&rsquo;installe alors th\u00e9oriquement \u00e0 cette occasion est remplac\u00e9 en basse vall\u00e9e du Rh\u00f4ne et Provence occidentale par un ciel souvent enti\u00e8rement d\u00e9gag\u00e9, ou peupl\u00e9 de seulement quelques petits nuages clairsem\u00e9s (cumulus de taille r\u00e9duite ou altocumulus lenticulaires).<\/p>\n\n\n\n<p><br>On dit souvent que le Mistral chasse les nuages, mais ce n&rsquo;est qu&rsquo;une image. En r\u00e9alit\u00e9, c&rsquo;est la s\u00e9cheresse de l&rsquo;atmosph\u00e8re qui provoque la r\u00e9sorption des nuages. La partie de l&rsquo;air froid qui ne s&rsquo;engouffre pas dans le couloir du Rh\u00f4ne pass\u00e9 au-dessus des Alpes et du Massif Central. En d\u00e9bouchant sur les r\u00e9gions m\u00e9diterran\u00e9ennes, cet air subit un effet de f\u0153hn qui le rend tr\u00e8s sec. Et c&rsquo;est ainsi que le Mistral, contrairement aux vents forts qui soufflent sur la fa\u00e7ade atlantique, est g\u00e9n\u00e9ralement associ\u00e9 \u00e0 un ciel clair et lumineux. L&rsquo;effet de f\u0153hn devrait aussi en th\u00e9orie amener un r\u00e9chauffement. Mais comme il co\u00efncide avec une invasion d&rsquo;air \u00e0 l&rsquo;origine beaucoup plus froid, les influences se contrarient, et la hausse des temp\u00e9ratures du c\u00f4t\u00e9 de la Canebi\u00e8re est tr\u00e8s discutable. La pr\u00e9sence de vents violents procure de toute mani\u00e8re une sensation de refroidissement, qui n&rsquo;est pas prise en compte par les thermom\u00e8tres.  <\/p>\n\n\n\n<p>A lire aussi : <a href=\"https:\/\/meteo-pro.fr\/index.php\/phenomenes-naturels\/quels-sont-les-vents-dominants\/\" data-type=\"page\" data-id=\"132\">Quels sont les vents dominants ?<\/a><\/p>\n","protected":false},"excerpt":{"rendered":"<p>Certains dictons pr\u00e9tendent que les p\u00e9riodes de Mistral durent trois, six, ou neuf jours. Les statistiques sont pourtant formelles. Il peut aussi bien souffler pendant un nombre de jours non divisible par trois, parfois un seul, mais il est vrai, tr\u00e8s exceptionnellement plus de neuf.Le Mistral peut souffler en toute saison, mais on le craint [&hellip;]<\/p>\n","protected":false},"author":1,"featured_media":0,"parent":88,"menu_order":0,"comment_status":"closed","ping_status":"closed","template":"","meta":{"_seopress_robots_primary_cat":"","_seopress_titles_title":"","_seopress_titles_desc":"","_seopress_robots_index":"","footnotes":""},"class_list":["post-177","page","type-page","status-publish","hentry"],"_links":{"self":[{"href":"https:\/\/meteo-pro.fr\/index.php\/wp-json\/wp\/v2\/pages\/177","targetHints":{"allow":["GET"]}}],"collection":[{"href":"https:\/\/meteo-pro.fr\/index.php\/wp-json\/wp\/v2\/pages"}],"about":[{"href":"https:\/\/meteo-pro.fr\/index.php\/wp-json\/wp\/v2\/types\/page"}],"author":[{"embeddable":true,"href":"https:\/\/meteo-pro.fr\/index.php\/wp-json\/wp\/v2\/users\/1"}],"replies":[{"embeddable":true,"href":"https:\/\/meteo-pro.fr\/index.php\/wp-json\/wp\/v2\/comments?post=177"}],"version-history":[{"count":6,"href":"https:\/\/meteo-pro.fr\/index.php\/wp-json\/wp\/v2\/pages\/177\/revisions"}],"predecessor-version":[{"id":505,"href":"https:\/\/meteo-pro.fr\/index.php\/wp-json\/wp\/v2\/pages\/177\/revisions\/505"}],"up":[{"embeddable":true,"href":"https:\/\/meteo-pro.fr\/index.php\/wp-json\/wp\/v2\/pages\/88"}],"wp:attachment":[{"href":"https:\/\/meteo-pro.fr\/index.php\/wp-json\/wp\/v2\/media?parent=177"}],"curies":[{"name":"wp","href":"https:\/\/api.w.org\/{rel}","templated":true}]}}