{"id":215,"date":"2024-01-06T14:45:55","date_gmt":"2024-01-06T13:45:55","guid":{"rendered":"https:\/\/meteo-pro.fr\/?page_id=215"},"modified":"2024-01-06T14:47:28","modified_gmt":"2024-01-06T13:47:28","slug":"bleu-du-ciel","status":"publish","type":"page","link":"https:\/\/meteo-pro.fr\/index.php\/phenomenes-naturels\/bleu-du-ciel\/","title":{"rendered":"D&rsquo;o\u00f9 vient le bleu du ciel"},"content":{"rendered":"\n<p>Par temps clair, le ciel nous appara\u00eet toujours bleu. D&rsquo;o\u00f9 provient cette couleur ?<br>La La couleur du ciel provient de la propagation des ondes lumineuses \u00e9mises par le Soleil \u00e0 travers l&rsquo;atmosph\u00e8re.<\/p>\n\n\n\n<p>Avant d&rsquo;atteindre la surface de la Terre, la lumi\u00e8re solaire traverse l&rsquo;atmosph\u00e8re, l&rsquo;enveloppe gazeuse qui entoure et prot\u00e8ge notre plan\u00e8te en filtrant les rayons dangereux. Sans cette protection, la Terre aurait une temp\u00e9rature semblable \u00e0 celle qui r\u00e8gne sur la Lune. Le jour, elle atteindrait 100\u00b0C et descendrait la nuit \u00e0 -150\u00b0C. L&rsquo;atmosph\u00e8re est compos\u00e9e de 78% d&rsquo;azote et 21% d&rsquo;oxyg\u00e8ne. Le reste, soit environ 1%, est constitu\u00e9 de plusieurs gaz rares dont l&rsquo;argon. Ces derni\u00e8res ann\u00e9es, de nouvelles particules ont \u00e9t\u00e9 identifi\u00e9es, notamment le m\u00e9thane ou l&rsquo;oxyde de carbone produit par la combustion du bois, du charbon et de l&rsquo;essence. Ces particules et ces mol\u00e9cules qui composent l&rsquo;air ont la propri\u00e9t\u00e9 de diffuser la lumi\u00e8re du Soleil, c&rsquo;est-\u00e0-dire de la propager dans toutes les directions, puis de la renvoyer en direction de la Terre. Ce ph\u00e9nom\u00e8ne de diffusion varie en fonction des longueurs d&rsquo;onde &#8211; les diff\u00e9rentes couleurs de l&rsquo;arc-en-ciel &#8211; qui constituent la lumi\u00e8re solaire. Les radiations bleues ou violettes qui ont la longueur d&rsquo;onde la plus courte, 0,4 microm\u00e8tre, ou milli\u00e8me de millim\u00e8tre, se dispersent plus facilement dans l&rsquo;atmosph\u00e8re que les radiations jaunes, 0,6 microm\u00e8tre, ou rouges \u00e0 l&rsquo;autre bout du spectre avec 0,8 microm\u00e8tre. Ainsi, la couleur bleue nous parvient-elle de tous les points de la vo\u00fbte c\u00e9leste, nous donnant cette impression de bleu uniforme. Dans la journ\u00e9e, ce rayonnement est tellement puissant qu&rsquo;il nous emp\u00eache de distinguer la lumi\u00e8re des autres \u00e9toiles.<\/p>\n\n\n\n<figure class=\"wp-block-image size-large\"><img  title=\"\" loading=\"lazy\" decoding=\"async\" width=\"1024\" height=\"442\" src=\"https:\/\/meteo-pro.fr\/wp-content\/uploads\/2024\/01\/2024-01-06_14h44_41-1024x442.jpg\"  alt=\"2024-01-06_14h44_41-1024x442 D&#039;o\u00f9 vient le bleu du ciel\"  class=\"wp-image-217\" srcset=\"https:\/\/meteo-pro.fr\/wp-content\/uploads\/2024\/01\/2024-01-06_14h44_41-1024x442.jpg 1024w, https:\/\/meteo-pro.fr\/wp-content\/uploads\/2024\/01\/2024-01-06_14h44_41-300x130.jpg 300w, https:\/\/meteo-pro.fr\/wp-content\/uploads\/2024\/01\/2024-01-06_14h44_41-768x332.jpg 768w, https:\/\/meteo-pro.fr\/wp-content\/uploads\/2024\/01\/2024-01-06_14h44_41-1536x663.jpg 1536w, https:\/\/meteo-pro.fr\/wp-content\/uploads\/2024\/01\/2024-01-06_14h44_41.jpg 1635w\" sizes=\"auto, (max-width: 1024px) 100vw, 1024px\" \/><\/figure>\n\n\n\n<p><br>Seules les mol\u00e9cules et les particules en suspension dans l&rsquo;air provoquent ce ph\u00e9nom\u00e8ne. Les particules de dimension plus importante, comme les gouttelettes d&rsquo;eau en suspension dans les nuages, ne poss\u00e8dent pas cette propri\u00e9t\u00e9. Elles diffusent toutes les longueurs d&rsquo;onde de mani\u00e8re \u00e9gale. La lumi\u00e8re transmise par un nuage \u00e9clair\u00e9 par le soleil nous appara\u00eet donc blanche.<\/p>\n\n\n\n<p><br>Quand on se trouve dans un avion \u00e0 haute altitude, le ciel devient plus sombre, presque violet, car la couche d&rsquo;air y est moins dense. Au-dessus de l&rsquo;atmosph\u00e8re terrestre, la voute c\u00e9leste est compl\u00e8tement noire. En revanche, notre plan\u00e8te semble envelopp\u00e9e d&rsquo;une lumi\u00e8re bleut\u00e9e en raison de la diffusion de cette couleur dans l&rsquo;espace.<br>La lumi\u00e8re solaire est diffus\u00e9e dans l&rsquo;atmosph\u00e8re parles mol\u00e9cules d&rsquo;air privil\u00e9giant la plus courte longueur d&rsquo;onde.<\/p>\n","protected":false},"excerpt":{"rendered":"<p>Par temps clair, le ciel nous appara\u00eet toujours bleu. D&rsquo;o\u00f9 provient cette couleur ?La La couleur du ciel provient de la propagation des ondes lumineuses \u00e9mises par le Soleil \u00e0 travers l&rsquo;atmosph\u00e8re. Avant d&rsquo;atteindre la surface de la Terre, la lumi\u00e8re solaire traverse l&rsquo;atmosph\u00e8re, l&rsquo;enveloppe gazeuse qui entoure et prot\u00e8ge notre plan\u00e8te en filtrant les [&hellip;]<\/p>\n","protected":false},"author":1,"featured_media":0,"parent":88,"menu_order":1,"comment_status":"closed","ping_status":"closed","template":"","meta":{"_seopress_robots_primary_cat":"","_seopress_titles_title":"","_seopress_titles_desc":"","_seopress_robots_index":"","footnotes":""},"class_list":["post-215","page","type-page","status-publish","hentry"],"_links":{"self":[{"href":"https:\/\/meteo-pro.fr\/index.php\/wp-json\/wp\/v2\/pages\/215","targetHints":{"allow":["GET"]}}],"collection":[{"href":"https:\/\/meteo-pro.fr\/index.php\/wp-json\/wp\/v2\/pages"}],"about":[{"href":"https:\/\/meteo-pro.fr\/index.php\/wp-json\/wp\/v2\/types\/page"}],"author":[{"embeddable":true,"href":"https:\/\/meteo-pro.fr\/index.php\/wp-json\/wp\/v2\/users\/1"}],"replies":[{"embeddable":true,"href":"https:\/\/meteo-pro.fr\/index.php\/wp-json\/wp\/v2\/comments?post=215"}],"version-history":[{"count":2,"href":"https:\/\/meteo-pro.fr\/index.php\/wp-json\/wp\/v2\/pages\/215\/revisions"}],"predecessor-version":[{"id":218,"href":"https:\/\/meteo-pro.fr\/index.php\/wp-json\/wp\/v2\/pages\/215\/revisions\/218"}],"up":[{"embeddable":true,"href":"https:\/\/meteo-pro.fr\/index.php\/wp-json\/wp\/v2\/pages\/88"}],"wp:attachment":[{"href":"https:\/\/meteo-pro.fr\/index.php\/wp-json\/wp\/v2\/media?parent=215"}],"curies":[{"name":"wp","href":"https:\/\/api.w.org\/{rel}","templated":true}]}}

D&rsquo;où vient le bleu du ciel

<p>Par temps clair, le ciel nous apparaît toujours bleu. D&rsquo;où provient cette couleur ?<br>La La couleur du ciel provient de la propagation des ondes lumineuses émises par le Soleil à travers l&rsquo;atmosphère.</p>



<p>Avant d&rsquo;atteindre la surface de la Terre, la lumière solaire traverse l&rsquo;atmosphère, l&rsquo;enveloppe gazeuse qui entoure et protège notre planète en filtrant les rayons dangereux. Sans cette protection, la Terre aurait une température semblable à celle qui règne sur la Lune. Le jour, elle atteindrait 100°C et descendrait la nuit à -150°C. L&rsquo;atmosphère est composée de 78% d&rsquo;azote et 21% d&rsquo;oxygène. Le reste, soit environ 1%, est constitué de plusieurs gaz rares dont l&rsquo;argon. Ces dernières années, de nouvelles particules ont été identifiées, notamment le méthane ou l&rsquo;oxyde de carbone produit par la combustion du bois, du charbon et de l&rsquo;essence. Ces particules et ces molécules qui composent l&rsquo;air ont la propriété de diffuser la lumière du Soleil, c&rsquo;est-à-dire de la propager dans toutes les directions, puis de la renvoyer en direction de la Terre. Ce phénomène de diffusion varie en fonction des longueurs d&rsquo;onde &#8211; les différentes couleurs de l&rsquo;arc-en-ciel &#8211; qui constituent la lumière solaire. Les radiations bleues ou violettes qui ont la longueur d&rsquo;onde la plus courte, 0,4 micromètre, ou millième de millimètre, se dispersent plus facilement dans l&rsquo;atmosphère que les radiations jaunes, 0,6 micromètre, ou rouges à l&rsquo;autre bout du spectre avec 0,8 micromètre. Ainsi, la couleur bleue nous parvient-elle de tous les points de la voûte céleste, nous donnant cette impression de bleu uniforme. Dans la journée, ce rayonnement est tellement puissant qu&rsquo;il nous empêche de distinguer la lumière des autres étoiles.</p>



<figure class="wp-block-image size-large"><img  title="" loading="lazy" decoding="async" width="1024" height="442" src="https://meteo-pro.fr/wp-content/uploads/2024/01/2024-01-06_14h44_41-1024x442.jpg"  alt="2024-01-06_14h44_41-1024x442 D&#039;où vient le bleu du ciel"  class="wp-image-217" srcset="https://meteo-pro.fr/wp-content/uploads/2024/01/2024-01-06_14h44_41-1024x442.jpg 1024w, https://meteo-pro.fr/wp-content/uploads/2024/01/2024-01-06_14h44_41-300x130.jpg 300w, https://meteo-pro.fr/wp-content/uploads/2024/01/2024-01-06_14h44_41-768x332.jpg 768w, https://meteo-pro.fr/wp-content/uploads/2024/01/2024-01-06_14h44_41-1536x663.jpg 1536w, https://meteo-pro.fr/wp-content/uploads/2024/01/2024-01-06_14h44_41.jpg 1635w" sizes="auto, (max-width: 1024px) 100vw, 1024px" /></figure>



<p><br>Seules les molécules et les particules en suspension dans l&rsquo;air provoquent ce phénomène. Les particules de dimension plus importante, comme les gouttelettes d&rsquo;eau en suspension dans les nuages, ne possèdent pas cette propriété. Elles diffusent toutes les longueurs d&rsquo;onde de manière égale. La lumière transmise par un nuage éclairé par le soleil nous apparaît donc blanche.</p>



<p><br>Quand on se trouve dans un avion à haute altitude, le ciel devient plus sombre, presque violet, car la couche d&rsquo;air y est moins dense. Au-dessus de l&rsquo;atmosphère terrestre, la voute céleste est complètement noire. En revanche, notre planète semble enveloppée d&rsquo;une lumière bleutée en raison de la diffusion de cette couleur dans l&rsquo;espace.<br>La lumière solaire est diffusée dans l&rsquo;atmosphère parles molécules d&rsquo;air privilégiant la plus courte longueur d&rsquo;onde.</p>

<p>Par temps clair, le ciel nous apparaît toujours bleu. D&rsquo;où provient cette couleur ?La La couleur du ciel provient de la propagation des ondes lumineuses émises par le Soleil à travers l&rsquo;atmosphère. Avant d&rsquo;atteindre la surface de la Terre, la lumière solaire traverse l&rsquo;atmosphère, l&rsquo;enveloppe gazeuse qui entoure et protège notre planète en filtrant les [&hellip;]</p>
