{"id":224,"date":"2024-01-06T15:09:25","date_gmt":"2024-01-06T14:09:25","guid":{"rendered":"https:\/\/meteo-pro.fr\/?page_id=224"},"modified":"2024-01-06T15:21:29","modified_gmt":"2024-01-06T14:21:29","slug":"la-circulation-atmospherique","status":"publish","type":"page","link":"https:\/\/meteo-pro.fr\/index.php\/phenomenes-naturels\/la-circulation-atmospherique\/","title":{"rendered":"La circulation atmosph\u00e9rique"},"content":{"rendered":"\n<p>Les mouvements climatiques globaux sont r\u00e9gis par la dynamique des masses d&rsquo;air et les \u00e9changes \u00e9nerg\u00e9tiques qui s&rsquo;effectuent aussi bien du sud au nord que de l&rsquo;ouest \u00e0 l&rsquo;est.<br>La zone \u00e9quatoriale est une zone de basse pression qui attire les masses d&rsquo;air froides venues des plus hautes latitudes. Du fait de la force de Coriolis (force centrifuge due \u00e0 la rotation de la Terre sur elle-m\u00eame), ces vents ou aliz\u00e9s sont d\u00e9vi\u00e9s vers l&rsquo;ouest au nord de l&rsquo;\u00e9quateur, vers l&rsquo;est au sud de l&rsquo;\u00e9quateur. Le l\u00e9ger d\u00e9calage des aliz\u00e9s vers le nord ou vers le sud d\u00e9termine l&rsquo;alternance des saisons s\u00e8ches en hiver et humides en \u00e9t\u00e9 (moussons en Inde).<\/p>\n\n\n\n<p>La zone de haute pression d&rsquo;air plus froide qui r\u00e8gne vers 30\u00b0 d\u00e9termine un \u00e9coulement d&rsquo;air vers le sud mais aussi vers les zones temp\u00e9r\u00e9es au nord et qui se d\u00e9place d&rsquo;ouest en est : ce sont les vents d&rsquo;ouest.<br>Dans les r\u00e9gions bor\u00e9ales, l&rsquo;air froid s&rsquo;\u00e9loigne en spirale des zones de hautes pressions polaires vers l&rsquo;ouest : ce sont les vents d&rsquo;est ou vents polaires. A ces vents r\u00e9guliers s&rsquo;ajoutent des vents r\u00e9gionaux tels le mistral ou la tramontane, en France, qui soufflent du nord vers la M\u00e9diterran\u00e9e.<br>Les moteurs de la circulation<br>La circulation atmosph\u00e9rique est impos\u00e9e par des facteurs cosmiques (radiations solaires), plan\u00e9taires (\u00e9tats de l&rsquo;atmosph\u00e8re, rotation de la Terre), g\u00e9ographiques (r\u00e9partition des terres et des mers). L&rsquo;air n&rsquo;est pas immobile autour de la Terre, il est anim\u00e9 de mouvements de convection dus aux diff\u00e9rences de pression atmosph\u00e9rique.<\/p>\n\n\n\n<p><strong>VENTS ET OURAGANS<\/strong><\/p>\n\n\n\n<p>Souvent cit\u00e9e, c&rsquo;est une \u00e9chelle qui permet de mesurer la force du vent<\/p>\n\n\n\n<figure class=\"wp-block-table is-style-stripes\"><table><tbody><tr><td class=\"has-text-align-center\" data-align=\"center\">Chiffre (Beaufort)<\/td><td class=\"has-text-align-center\" data-align=\"center\">Vitesse du vent en km\/h<\/td><td>Terme descriptif    <\/td><\/tr><tr><td class=\"has-text-align-center\" data-align=\"center\"><code>0<\/code><\/td><td class=\"has-text-align-center\" data-align=\"center\">1<\/td><td>calme<\/td><\/tr><tr><td class=\"has-text-align-center\" data-align=\"center\">1<\/td><td class=\"has-text-align-center\" data-align=\"center\">1-5<\/td><td>tr\u00e8s l\u00e9g\u00e8re brise<\/td><\/tr><tr><td class=\"has-text-align-center\" data-align=\"center\">2<\/td><td class=\"has-text-align-center\" data-align=\"center\">6-11<\/td><td>l\u00e9g\u00e8re brise<\/td><\/tr><tr><td class=\"has-text-align-center\" data-align=\"center\">3<\/td><td class=\"has-text-align-center\" data-align=\"center\">12-19<\/td><td>petite brise<\/td><\/tr><tr><td class=\"has-text-align-center\" data-align=\"center\">4<\/td><td class=\"has-text-align-center\" data-align=\"center\">20-28<\/td><td>jolie brise<\/td><\/tr><tr><td class=\"has-text-align-center\" data-align=\"center\">5<\/td><td class=\"has-text-align-center\" data-align=\"center\">29-38<\/td><td>bonne brise<\/td><\/tr><tr><td class=\"has-text-align-center\" data-align=\"center\">6<\/td><td class=\"has-text-align-center\" data-align=\"center\">39-49<\/td><td>vent frais<\/td><\/tr><tr><td class=\"has-text-align-center\" data-align=\"center\">7<\/td><td class=\"has-text-align-center\" data-align=\"center\">50-61<\/td><td>grand vent<\/td><\/tr><tr><td class=\"has-text-align-center\" data-align=\"center\">8<\/td><td class=\"has-text-align-center\" data-align=\"center\">62-74<\/td><td>coup de vent<\/td><\/tr><tr><td class=\"has-text-align-center\" data-align=\"center\">9<\/td><td class=\"has-text-align-center\" data-align=\"center\">75-88<\/td><td>fort coup de vent<\/td><\/tr><tr><td class=\"has-text-align-center\" data-align=\"center\">10<\/td><td class=\"has-text-align-center\" data-align=\"center\">89-102<\/td><td>temp\u00eate<\/td><\/tr><tr><td class=\"has-text-align-center\" data-align=\"center\">11<\/td><td class=\"has-text-align-center\" data-align=\"center\">103-117<\/td><td>violente temp\u00eate<\/td><\/tr><tr><td class=\"has-text-align-center\" data-align=\"center\"> 12 \u00e0 16<\/td><td class=\"has-text-align-center\" data-align=\"center\">117<\/td><td>ouragan<\/td><\/tr><\/tbody><\/table><figcaption class=\"wp-element-caption\">\u00c9chelle de Beaufort<\/figcaption><\/figure>\n\n\n\n<p> <\/p>\n\n\n\n<figure class=\"wp-block-image size-large\"><img  title=\"\" loading=\"lazy\" decoding=\"async\" width=\"1024\" height=\"650\" src=\"https:\/\/meteo-pro.fr\/wp-content\/uploads\/2024\/01\/2024-01-06_15h19_43-1024x650.jpg\"  alt=\"2024-01-06_15h19_43-1024x650 La circulation atmosph\u00e9rique\"  class=\"wp-image-249\" srcset=\"https:\/\/meteo-pro.fr\/wp-content\/uploads\/2024\/01\/2024-01-06_15h19_43-1024x650.jpg 1024w, https:\/\/meteo-pro.fr\/wp-content\/uploads\/2024\/01\/2024-01-06_15h19_43-300x190.jpg 300w, https:\/\/meteo-pro.fr\/wp-content\/uploads\/2024\/01\/2024-01-06_15h19_43-768x487.jpg 768w, https:\/\/meteo-pro.fr\/wp-content\/uploads\/2024\/01\/2024-01-06_15h19_43.jpg 1508w\" sizes=\"auto, (max-width: 1024px) 100vw, 1024px\" \/><\/figure>\n\n\n\n<p><br>Hugo, un ouragan : Le 8 septembre 1989 la huiti\u00e8me temp\u00eate tropicale de la saison cyclonique 89 est baptis\u00e9e \u00ab Hugo \u00bb ; il arrive le 17 septembre en Guadeloupe en faisant des d\u00e9g\u00e2ts consid\u00e9rables puis il traverse les \u00eeles Vierges am\u00e9ricaines, l&rsquo;est de Porto Rico avant de d\u00e9truire la c\u00f4te sud-est des \u00c9tats-Unis. Il se dirige vers la Virginie o\u00f9 il fera encore quelques d\u00e9g\u00e2ts avant de mourir.<\/p>\n\n\n\n<p><br>Caract\u00e9ristiques m\u00e9t\u00e9orologiques de \u00ab Hugo \u00bb en Guadeloupe<br>Pression minimale 941,4 hPa, Vents moyens maximaux 270 km\/h, Rafales maximales 320 km\/h<br>Pr\u00e9cipitations : 150 \u00e0300 mm<br>Mar\u00e9e de temp\u00eate : 3m<\/p>\n","protected":false},"excerpt":{"rendered":"<p>Les mouvements climatiques globaux sont r\u00e9gis par la dynamique des masses d&rsquo;air et les \u00e9changes \u00e9nerg\u00e9tiques qui s&rsquo;effectuent aussi bien du sud au nord que de l&rsquo;ouest \u00e0 l&rsquo;est.La zone \u00e9quatoriale est une zone de basse pression qui attire les masses d&rsquo;air froides venues des plus hautes latitudes. Du fait de la force de Coriolis [&hellip;]<\/p>\n","protected":false},"author":1,"featured_media":0,"parent":88,"menu_order":0,"comment_status":"closed","ping_status":"closed","template":"","meta":{"_seopress_robots_primary_cat":"","_seopress_titles_title":"","_seopress_titles_desc":"","_seopress_robots_index":"","footnotes":""},"class_list":["post-224","page","type-page","status-publish","hentry"],"_links":{"self":[{"href":"https:\/\/meteo-pro.fr\/index.php\/wp-json\/wp\/v2\/pages\/224","targetHints":{"allow":["GET"]}}],"collection":[{"href":"https:\/\/meteo-pro.fr\/index.php\/wp-json\/wp\/v2\/pages"}],"about":[{"href":"https:\/\/meteo-pro.fr\/index.php\/wp-json\/wp\/v2\/types\/page"}],"author":[{"embeddable":true,"href":"https:\/\/meteo-pro.fr\/index.php\/wp-json\/wp\/v2\/users\/1"}],"replies":[{"embeddable":true,"href":"https:\/\/meteo-pro.fr\/index.php\/wp-json\/wp\/v2\/comments?post=224"}],"version-history":[{"count":12,"href":"https:\/\/meteo-pro.fr\/index.php\/wp-json\/wp\/v2\/pages\/224\/revisions"}],"predecessor-version":[{"id":251,"href":"https:\/\/meteo-pro.fr\/index.php\/wp-json\/wp\/v2\/pages\/224\/revisions\/251"}],"up":[{"embeddable":true,"href":"https:\/\/meteo-pro.fr\/index.php\/wp-json\/wp\/v2\/pages\/88"}],"wp:attachment":[{"href":"https:\/\/meteo-pro.fr\/index.php\/wp-json\/wp\/v2\/media?parent=224"}],"curies":[{"name":"wp","href":"https:\/\/api.w.org\/{rel}","templated":true}]}}