{"id":252,"date":"2024-01-06T15:26:01","date_gmt":"2024-01-06T14:26:01","guid":{"rendered":"https:\/\/meteo-pro.fr\/?page_id=252"},"modified":"2024-01-29T07:57:06","modified_gmt":"2024-01-29T06:57:06","slug":"comment-la-foudre-tombe-t-elle","status":"publish","type":"page","link":"https:\/\/meteo-pro.fr\/index.php\/phenomenes-naturels\/comment-la-foudre-tombe-t-elle\/","title":{"rendered":"Comment la foudre tombe-t-elle ?"},"content":{"rendered":"\n<p>Sait-on comment la foudre se d\u00e9clenche ? Est-il possible de pr\u00e9voir l&rsquo;endroit o\u00f9 elle va tomber ?<\/p>\n\n\n\n<p>Contrairement \u00e0 une id\u00e9e re\u00e7ue, la foudre ne tombe pas du ciel. Le processus est plus complexe et certains aspects en sont encore mal connus. Les cumulo-nimbus, ces nuages qui ressemblent \u00e0 des enclumes, sont le si\u00e8ge des orages. Ils se forment par temps chaud et humide. L&rsquo;air qui les compose se refroidit tr\u00e8s brusquement \u00e0 haute altitude. Le nuage se polarise alors pour des raisons encore ignor\u00e9es. Sa base se charge de particules \u00e9lectriques n\u00e9gatives et son sommet devient positif. Un champ \u00e9lectrique de plusieurs millions de volts s&rsquo;est donc cr\u00e9\u00e9 \u00e0 l&rsquo;int\u00e9rieur. Dans le m\u00eame temps, un autre champ appara\u00eet entre la base du nuage et le sol qui, lui, est \u00e9lectriquement positif. Son intensit\u00e9 cro\u00eet jusqu&rsquo;\u00e0 atteindre 200 \u00e0 300 kilovolts par m\u00e8tre. D\u00e8s lors, l&rsquo;air, qui dans des conditions normales est isolant, devient conducteur. <\/p>\n\n\n\n<figure class=\"wp-block-image size-large\"><img  title=\"\" loading=\"lazy\" decoding=\"async\" width=\"1024\" height=\"824\" src=\"https:\/\/meteo-pro.fr\/wp-content\/uploads\/2024\/01\/2024-01-06_17h13_27-1024x824.jpg\"  alt=\"2024-01-06_17h13_27-1024x824 Comment la foudre tombe-t-elle ?\"  class=\"wp-image-268\" srcset=\"https:\/\/meteo-pro.fr\/wp-content\/uploads\/2024\/01\/2024-01-06_17h13_27-1024x824.jpg 1024w, https:\/\/meteo-pro.fr\/wp-content\/uploads\/2024\/01\/2024-01-06_17h13_27-300x241.jpg 300w, https:\/\/meteo-pro.fr\/wp-content\/uploads\/2024\/01\/2024-01-06_17h13_27-768x618.jpg 768w, https:\/\/meteo-pro.fr\/wp-content\/uploads\/2024\/01\/2024-01-06_17h13_27.jpg 1071w\" sizes=\"auto, (max-width: 1024px) 100vw, 1024px\" \/><\/figure>\n\n\n\n<p>Lire : <a href=\"https:\/\/meteo-pro.fr\/index.php\/phenomenes-naturels\/les-prevision-des-orages\/\">Les pr\u00e9vision des orages<\/a><\/p>\n\n\n\n<p>Une s\u00e9rie de rafales \u00e9lectriques part alors du nuage et rejoint un arc \u00e9lectrique qui, d&rsquo;un point privil\u00e9gi\u00e9 du sol &#8211; arbre, b\u00e2timent &#8211; s&rsquo;\u00e9lance vers le nuage. Leur rencontre produit un canal ionis\u00e9 par lequel la d\u00e9charge du nuage s&rsquo;op\u00e8re: c&rsquo;est la foudre. La lueur de l&rsquo;\u00e9clair correspond \u00e0 r\u00e9chauffement de l&rsquo;air du canal. Il atteint 30000\u00b0C. Quant au tonnerre, il r\u00e9sulte de l&rsquo;onde de choc provoqu\u00e9e par la brusque dilatation de l&rsquo;air sous l&rsquo;action de la chaleur.<\/p>\n","protected":false},"excerpt":{"rendered":"<p>Sait-on comment la foudre se d\u00e9clenche ? Est-il possible de pr\u00e9voir l&rsquo;endroit o\u00f9 elle va tomber ? Contrairement \u00e0 une id\u00e9e re\u00e7ue, la foudre ne tombe pas du ciel. Le processus est plus complexe et certains aspects en sont encore mal connus. Les cumulo-nimbus, ces nuages qui ressemblent \u00e0 des enclumes, sont le si\u00e8ge des [&hellip;]<\/p>\n","protected":false},"author":1,"featured_media":0,"parent":88,"menu_order":0,"comment_status":"closed","ping_status":"closed","template":"","meta":{"_seopress_robots_primary_cat":"","_seopress_titles_title":"","_seopress_titles_desc":"","_seopress_robots_index":"","footnotes":""},"class_list":["post-252","page","type-page","status-publish","hentry"],"_links":{"self":[{"href":"https:\/\/meteo-pro.fr\/index.php\/wp-json\/wp\/v2\/pages\/252","targetHints":{"allow":["GET"]}}],"collection":[{"href":"https:\/\/meteo-pro.fr\/index.php\/wp-json\/wp\/v2\/pages"}],"about":[{"href":"https:\/\/meteo-pro.fr\/index.php\/wp-json\/wp\/v2\/types\/page"}],"author":[{"embeddable":true,"href":"https:\/\/meteo-pro.fr\/index.php\/wp-json\/wp\/v2\/users\/1"}],"replies":[{"embeddable":true,"href":"https:\/\/meteo-pro.fr\/index.php\/wp-json\/wp\/v2\/comments?post=252"}],"version-history":[{"count":5,"href":"https:\/\/meteo-pro.fr\/index.php\/wp-json\/wp\/v2\/pages\/252\/revisions"}],"predecessor-version":[{"id":532,"href":"https:\/\/meteo-pro.fr\/index.php\/wp-json\/wp\/v2\/pages\/252\/revisions\/532"}],"up":[{"embeddable":true,"href":"https:\/\/meteo-pro.fr\/index.php\/wp-json\/wp\/v2\/pages\/88"}],"wp:attachment":[{"href":"https:\/\/meteo-pro.fr\/index.php\/wp-json\/wp\/v2\/media?parent=252"}],"curies":[{"name":"wp","href":"https:\/\/api.w.org\/{rel}","templated":true}]}}